{"id":3581,"date":"2023-03-16T20:56:07","date_gmt":"2023-03-16T19:56:07","guid":{"rendered":"https:\/\/www.groupedamco.com\/?page_id=3581"},"modified":"2023-03-17T19:50:04","modified_gmt":"2023-03-17T18:50:04","slug":"nouvelles","status":"publish","type":"page","link":"https:\/\/www.groupedamco.com\/fr\/nouvelles\/","title":{"rendered":"Nouvelles"},"content":{"rendered":"<div class=\"wpb-content-wrapper\"><p>[vc_row full_width=\u00a0\u00bbstretch_row\u00a0\u00bb css=\u00a0\u00bb.vc_custom_1679054793494{margin-top: 0px !important;padding-top: 50px !important;padding-bottom: 50px !important;}\u00a0\u00bb el_id=\u00a0\u00bbhistory\u00a0\u00bb][vc_column][vc_raw_js]JTNDc2NyaXB0JTIwdHlwZSUzRCUyMnRleHQlMkZqYXZhc2NyaXB0JTIyJTNFJTIwdmFyJTIwcGFnZSUyMCUzRCUyMCUyMlF1b2klMjBkZSUyMG5ldWYlM0YlMjIlM0IlMjAlM0MlMkZzY3JpcHQlM0U=[\/vc_raw_js][vc_column_text]<\/p>\n<p style=\"text-align: center;\">\n            <div class=\"grid-une-nouvelle standard\">\n                <div class=\"grid-child-1\">\n                    <div class=\"bl-image\"><img decoding=\"async\" src=\"https:\/\/www.groupedamco.com\/wp-content\/uploads\/2020\/12\/nouvelle-3.jpg\" alt=\"\"><\/div>\n                <\/div>\n                <div class=\"grid-child-2\">\n                    \n                <time>21 mars 2023<\/time>\n                <h2><a href=\"https:\/\/www.groupedamco.com\/fr\/2023\/03\/21\/un-devoir-de-solidarite-envers-la-communaute-canado-libanaise\/\">Un devoir de solidarit\u00e9 envers la communaut\u00e9 canado-libanaise<\/a><\/h2>\n                <p>Depuis de nombreuses ann\u00e9es, La famille Cheaib offre un appui inconditionnel pour la cause de la FCCICL.\u00a0\u00a0 Forte de son succ\u00e8s et de ses valeurs, c\u2019est avec le sentiment de [&hellip;]<\/p>\n                <a href=\"https:\/\/www.groupedamco.com\/fr\/2023\/03\/21\/un-devoir-de-solidarite-envers-la-communaute-canado-libanaise\/\" class=\"en-savoir-plus\">Lire la suite<\/a>\n            \n                <\/div>\n            <\/div>\n            \n            <div class=\"grid-une-nouvelle inverse\">\n                <div class=\"grid-child-1\">\n                    \n                <time>21 mars 2023<\/time>\n                <h2><a href=\"https:\/\/www.groupedamco.com\/fr\/2023\/03\/21\/le-maire-de-levis-recoit-le-groupe-damco\/\">Le maire de L\u00e9vis re\u00e7oit le Groupe Damco<\/a><\/h2>\n                <p>Le 19 septembre dernier, \u00e0 l&rsquo;H\u00f4tel de Ville de L\u00e9vis, le Maire Gilles Lehouillier rencontrait M. Jamil Cheaib, Pr\u00e9sident du Groupe Damco, pour discuter d\u2019investissements totalisant 800 M$ \u00e0 L\u00e9vis.\u00a0 [&hellip;]<\/p>\n                <a href=\"https:\/\/www.groupedamco.com\/fr\/2023\/03\/21\/le-maire-de-levis-recoit-le-groupe-damco\/\" class=\"en-savoir-plus\">Lire la suite<\/a>\n            \n                <\/div>\n                <div class=\"grid-child-2\">\n                    <div class=\"bl-image\"><img decoding=\"async\" src=\"https:\/\/www.groupedamco.com\/wp-content\/uploads\/2020\/12\/nouvelle-2.jpg\" alt=\"\"><\/div>\n                <\/div>\n            <\/div>\n            \n            <div class=\"grid-une-nouvelle standard\">\n                <div class=\"grid-child-1\">\n                    <div class=\"bl-image\"><img decoding=\"async\" src=\"https:\/\/www.groupedamco.com\/wp-content\/uploads\/2020\/12\/nouvelle-1.jpg\" alt=\"\"><\/div>\n                <\/div>\n                <div class=\"grid-child-2\">\n                    \n                <time>21 mars 2023<\/time>\n                <h2><a href=\"https:\/\/www.groupedamco.com\/fr\/2023\/03\/21\/couverture-de-prestige-groupe-damco\/\">Une couverture de prestige pour Groupe Damco<\/a><\/h2>\n                <p>Dans son \u00e9dition de d\u00e9cembre 2020, le magazine Prestige pr\u00e9sentait, en page couverture, M. Jamil Cheaib, offrant l\u2019histoire de son parcours unique.\u00a0 Dans cette publication, Prestige, qui a pour mission [&hellip;]<\/p>\n                <a href=\"https:\/\/www.groupedamco.com\/fr\/2023\/03\/21\/couverture-de-prestige-groupe-damco\/\" class=\"en-savoir-plus\">Lire la suite<\/a>\n            \n                <\/div>\n            <\/div>\n            <div class=\"pagination\"><\/div>\n\t<\/div>\n<p>[\/vc_column_text][\/vc_column][\/vc_row]<\/p>\n<\/div>","protected":false},"excerpt":{"rendered":"<p>[vc_row full_width=\u00a0\u00bbstretch_row\u00a0\u00bb css=\u00a0\u00bb.vc_custom_1679054793494{margin-top: 0px !important;padding-top: 50px !important;padding-bottom: 50px !important;}\u00a0\u00bb el_id=\u00a0\u00bbhistory\u00a0\u00bb][vc_column][vc_raw_js]JTNDc2NyaXB0JTIwdHlwZSUzRCUyMnRleHQlMkZqYXZhc2NyaXB0JTIyJTNFJTIwdmFyJTIwcGFnZSUyMCUzRCUyMCUyMlF1b2klMjBkZSUyMG5ldWYlM0YlMjIlM0IlMjAlM0MlMkZzY3JpcHQlM0U=[\/vc_raw_js][vc_column_text] [\/vc_column_text][\/vc_column][\/vc_row]<\/p>\n","protected":false},"author":2,"featured_media":0,"parent":0,"menu_order":0,"comment_status":"closed","ping_status":"closed","template":"template\/template-homepage.php","meta":{"_acf_changed":false,"footnotes":""},"class_list":["post-3581","page","type-page","status-publish","hentry"],"acf":[],"_links":{"self":[{"href":"https:\/\/www.groupedamco.com\/fr\/wp-json\/wp\/v2\/pages\/3581","targetHints":{"allow":["GET"]}}],"collection":[{"href":"https:\/\/www.groupedamco.com\/fr\/wp-json\/wp\/v2\/pages"}],"about":[{"href":"https:\/\/www.groupedamco.com\/fr\/wp-json\/wp\/v2\/types\/page"}],"author":[{"embeddable":true,"href":"https:\/\/www.groupedamco.com\/fr\/wp-json\/wp\/v2\/users\/2"}],"replies":[{"embeddable":true,"href":"https:\/\/www.groupedamco.com\/fr\/wp-json\/wp\/v2\/comments?post=3581"}],"version-history":[{"count":4,"href":"https:\/\/www.groupedamco.com\/fr\/wp-json\/wp\/v2\/pages\/3581\/revisions"}],"predecessor-version":[{"id":3589,"href":"https:\/\/www.groupedamco.com\/fr\/wp-json\/wp\/v2\/pages\/3581\/revisions\/3589"}],"wp:attachment":[{"href":"https:\/\/www.groupedamco.com\/fr\/wp-json\/wp\/v2\/media?parent=3581"}],"curies":[{"name":"wp","href":"https:\/\/api.w.org\/{rel}","templated":true}]}}

<div class="wpb-content-wrapper"><p>[vc_row full_width= »stretch_row » css= ».vc_custom_1679054793494{margin-top: 0px !important;padding-top: 50px !important;padding-bottom: 50px !important;} » el_id= »history »][vc_column][vc_raw_js]JTNDc2NyaXB0JTIwdHlwZSUzRCUyMnRleHQlMkZqYXZhc2NyaXB0JTIyJTNFJTIwdmFyJTIwcGFnZSUyMCUzRCUyMCUyMlF1b2klMjBkZSUyMG5ldWYlM0YlMjIlM0IlMjAlM0MlMkZzY3JpcHQlM0U=[/vc_raw_js][vc_column_text]</p>
<p style="text-align: center;">
            <div class="grid-une-nouvelle standard">
                <div class="grid-child-1">
                    <div class="bl-image"><img decoding="async" src="https://www.groupedamco.com/wp-content/uploads/2020/12/nouvelle-3.jpg" alt=""></div>
                </div>
                <div class="grid-child-2">
                    
                <time>21 mars 2023</time>
                <h2><a href="https://www.groupedamco.com/fr/2023/03/21/un-devoir-de-solidarite-envers-la-communaute-canado-libanaise/">Un devoir de solidarité envers la communauté canado-libanaise</a></h2>
                <p>Depuis de nombreuses années, La famille Cheaib offre un appui inconditionnel pour la cause de la FCCICL.   Forte de son succès et de ses valeurs, c’est avec le sentiment de [&hellip;]</p>
                <a href="https://www.groupedamco.com/fr/2023/03/21/un-devoir-de-solidarite-envers-la-communaute-canado-libanaise/" class="en-savoir-plus">Lire la suite</a>
            
                </div>
            </div>
            
            <div class="grid-une-nouvelle inverse">
                <div class="grid-child-1">
                    
                <time>21 mars 2023</time>
                <h2><a href="https://www.groupedamco.com/fr/2023/03/21/le-maire-de-levis-recoit-le-groupe-damco/">Le maire de Lévis reçoit le Groupe Damco</a></h2>
                <p>Le 19 septembre dernier, à l&rsquo;Hôtel de Ville de Lévis, le Maire Gilles Lehouillier rencontrait M. Jamil Cheaib, Président du Groupe Damco, pour discuter d’investissements totalisant 800 M$ à Lévis.  [&hellip;]</p>
                <a href="https://www.groupedamco.com/fr/2023/03/21/le-maire-de-levis-recoit-le-groupe-damco/" class="en-savoir-plus">Lire la suite</a>
            
                </div>
                <div class="grid-child-2">
                    <div class="bl-image"><img decoding="async" src="https://www.groupedamco.com/wp-content/uploads/2020/12/nouvelle-2.jpg" alt=""></div>
                </div>
            </div>
            
            <div class="grid-une-nouvelle standard">
                <div class="grid-child-1">
                    <div class="bl-image"><img decoding="async" src="https://www.groupedamco.com/wp-content/uploads/2020/12/nouvelle-1.jpg" alt=""></div>
                </div>
                <div class="grid-child-2">
                    
                <time>21 mars 2023</time>
                <h2><a href="https://www.groupedamco.com/fr/2023/03/21/couverture-de-prestige-groupe-damco/">Une couverture de prestige pour Groupe Damco</a></h2>
                <p>Dans son édition de décembre 2020, le magazine Prestige présentait, en page couverture, M. Jamil Cheaib, offrant l’histoire de son parcours unique.  Dans cette publication, Prestige, qui a pour mission [&hellip;]</p>
                <a href="https://www.groupedamco.com/fr/2023/03/21/couverture-de-prestige-groupe-damco/" class="en-savoir-plus">Lire la suite</a>
            
                </div>
            </div>
            <div class="pagination"></div>
	</div>
<p>[/vc_column_text][/vc_column][/vc_row]</p>
</div>
